{"id":81,"date":"2025-07-08T20:07:41","date_gmt":"2025-07-08T18:07:41","guid":{"rendered":"https:\/\/www.stolun.sk\/?page_id=81"},"modified":"2025-07-09T08:13:46","modified_gmt":"2025-07-09T06:13:46","slug":"kuchyne","status":"publish","type":"page","link":"https:\/\/www.stolun.sk\/?page_id=81","title":{"rendered":"Kuchyne"},"content":{"rendered":"\n<figure class=\"wp-block-image size-large is-style-rounded is-style-rounded--1\"><img fetchpriority=\"high\" decoding=\"async\" width=\"1024\" height=\"667\" src=\"https:\/\/www.stolun.sk\/wp-content\/uploads\/2024\/07\/Dizajn-bez-nazvu-4-1024x667.jpg\" alt=\"\" class=\"wp-image-262\" srcset=\"https:\/\/www.stolun.sk\/wp-content\/uploads\/2024\/07\/Dizajn-bez-nazvu-4-1024x667.jpg 1024w, https:\/\/www.stolun.sk\/wp-content\/uploads\/2024\/07\/Dizajn-bez-nazvu-4-300x195.jpg 300w, https:\/\/www.stolun.sk\/wp-content\/uploads\/2024\/07\/Dizajn-bez-nazvu-4-768x500.jpg 768w, https:\/\/www.stolun.sk\/wp-content\/uploads\/2024\/07\/Dizajn-bez-nazvu-4.jpg 1080w\" sizes=\"(max-width: 1024px) 100vw, 1024px\" \/><\/figure>\n\n\n\n<div class=\"wp-block-group alignwide has-global-padding is-layout-constrained wp-block-group-is-layout-constrained\">\n<h1 class=\"wp-block-heading alignwide has-text-align-center has-xx-large-font-size\" style=\"line-height:1.2\">Srdce domova za\u010d\u00edna pri dobrej kuchyni.<\/h1>\n\n\n\n<p>Pri v\u00fdrobe kuch\u00fd\u0148 sa zameriavame na v\u00fdrobky, ktor\u00e9 sp\u00e1jaj\u00fa funk\u010dnos\u0165 s estetikou, pri\u010dom vyu\u017e\u00edvame kvalitn\u00e9 pr\u00edrodn\u00e9 materi\u00e1ly, ktor\u00e9 odolaj\u00fa \u010dasu a rokmi z\u00edskavaj\u00fa na kr\u00e1se. Ka\u017ed\u00e1 kuchy\u0148a, ktor\u00fa tvor\u00edme, je jedine\u010dn\u00e1 \u2013 navrhnut\u00e1 tak, aby zodpovedala v\u00e1\u0161mu \u0161t\u00fdlu a \u017eivotn\u00e9mu rytmu, a stala sa priestorom, kde sa budete v\u017edy c\u00edti\u0165 doma.<\/p>\n<\/div>\n\n\n\n<div class=\"wp-block-group alignfull has-global-padding is-layout-constrained wp-container-core-group-is-layout-b25ccd55 wp-block-group-is-layout-constrained\" style=\"margin-top:0;margin-bottom:0;padding-top:var(--wp--preset--spacing--50);padding-right:var(--wp--preset--spacing--50);padding-bottom:var(--wp--preset--spacing--50);padding-left:var(--wp--preset--spacing--50)\">\n<div class=\"wp-block-columns alignwide is-layout-flex wp-container-core-columns-is-layout-ff4b9c61 wp-block-columns-is-layout-flex\" style=\"margin-top:0;margin-bottom:0\">\n<div class=\"wp-block-column is-layout-flow wp-container-core-column-is-layout-8a368f38 wp-block-column-is-layout-flow\">\n<figure class=\"wp-block-image size-large is-style-rounded is-style-rounded--2\"><img decoding=\"async\" width=\"724\" height=\"1024\" src=\"https:\/\/www.stolun.sk\/wp-content\/uploads\/2025\/04\/8-3-724x1024.jpg\" alt=\"\" class=\"wp-image-264\" style=\"aspect-ratio:4\/3;object-fit:cover\" srcset=\"https:\/\/www.stolun.sk\/wp-content\/uploads\/2025\/04\/8-3-724x1024.jpg 724w, https:\/\/www.stolun.sk\/wp-content\/uploads\/2025\/04\/8-3-212x300.jpg 212w, https:\/\/www.stolun.sk\/wp-content\/uploads\/2025\/04\/8-3-768x1086.jpg 768w, https:\/\/www.stolun.sk\/wp-content\/uploads\/2025\/04\/8-3-1086x1536.jpg 1086w, https:\/\/www.stolun.sk\/wp-content\/uploads\/2025\/04\/8-3.jpg 1414w\" sizes=\"(max-width: 724px) 100vw, 724px\" \/><\/figure>\n\n\n\n<div style=\"height:var(--wp--preset--spacing--50)\" aria-hidden=\"true\" class=\"wp-block-spacer\"><\/div>\n\n\n\n<figure class=\"wp-block-image size-large is-style-rounded is-style-rounded--3\"><img decoding=\"async\" width=\"1024\" height=\"755\" src=\"https:\/\/www.stolun.sk\/wp-content\/uploads\/2025\/04\/14-4-1024x755.jpg\" alt=\"\" class=\"wp-image-268\" style=\"aspect-ratio:3\/4;object-fit:cover\" srcset=\"https:\/\/www.stolun.sk\/wp-content\/uploads\/2025\/04\/14-4-1024x755.jpg 1024w, https:\/\/www.stolun.sk\/wp-content\/uploads\/2025\/04\/14-4-300x221.jpg 300w, https:\/\/www.stolun.sk\/wp-content\/uploads\/2025\/04\/14-4-768x566.jpg 768w, https:\/\/www.stolun.sk\/wp-content\/uploads\/2025\/04\/14-4.jpg 1080w\" sizes=\"(max-width: 1024px) 100vw, 1024px\" \/><\/figure>\n\n\n\n<div style=\"height:var(--wp--preset--spacing--50)\" aria-hidden=\"true\" class=\"wp-block-spacer\"><\/div>\n\n\n\n<figure class=\"wp-block-image size-large is-style-rounded is-style-rounded--4\"><img loading=\"lazy\" decoding=\"async\" width=\"853\" height=\"1024\" src=\"https:\/\/www.stolun.sk\/wp-content\/uploads\/2025\/04\/30-2-853x1024.jpg\" alt=\"\" class=\"wp-image-273\" style=\"aspect-ratio:3\/4;object-fit:cover\" srcset=\"https:\/\/www.stolun.sk\/wp-content\/uploads\/2025\/04\/30-2-853x1024.jpg 853w, https:\/\/www.stolun.sk\/wp-content\/uploads\/2025\/04\/30-2-250x300.jpg 250w, https:\/\/www.stolun.sk\/wp-content\/uploads\/2025\/04\/30-2-768x922.jpg 768w, https:\/\/www.stolun.sk\/wp-content\/uploads\/2025\/04\/30-2.jpg 900w\" sizes=\"(max-width: 853px) 100vw, 853px\" \/><\/figure>\n<\/div>\n\n\n\n<div class=\"wp-block-column is-layout-flow wp-container-core-column-is-layout-8a368f38 wp-block-column-is-layout-flow\">\n<div style=\"height:var(--wp--preset--spacing--50)\" aria-hidden=\"true\" class=\"wp-block-spacer\"><\/div>\n\n\n\n<figure class=\"wp-block-image size-large is-style-rounded is-style-rounded--5\"><img loading=\"lazy\" decoding=\"async\" width=\"724\" height=\"1024\" src=\"https:\/\/www.stolun.sk\/wp-content\/uploads\/2025\/04\/9-3-724x1024.jpg\" alt=\"\" class=\"wp-image-265\" style=\"aspect-ratio:3\/4;object-fit:cover\" srcset=\"https:\/\/www.stolun.sk\/wp-content\/uploads\/2025\/04\/9-3-724x1024.jpg 724w, https:\/\/www.stolun.sk\/wp-content\/uploads\/2025\/04\/9-3-212x300.jpg 212w, https:\/\/www.stolun.sk\/wp-content\/uploads\/2025\/04\/9-3-768x1086.jpg 768w, https:\/\/www.stolun.sk\/wp-content\/uploads\/2025\/04\/9-3-1086x1536.jpg 1086w, https:\/\/www.stolun.sk\/wp-content\/uploads\/2025\/04\/9-3.jpg 1414w\" sizes=\"(max-width: 724px) 100vw, 724px\" \/><\/figure>\n\n\n\n<div style=\"height:var(--wp--preset--spacing--50)\" aria-hidden=\"true\" class=\"wp-block-spacer\"><\/div>\n\n\n\n<figure class=\"wp-block-image size-large is-style-rounded is-style-rounded--6\"><img loading=\"lazy\" decoding=\"async\" width=\"810\" height=\"1080\" src=\"https:\/\/www.stolun.sk\/wp-content\/uploads\/2025\/04\/18-3-edited.jpg\" alt=\"\" class=\"wp-image-271\" style=\"aspect-ratio:1;object-fit:cover\" srcset=\"https:\/\/www.stolun.sk\/wp-content\/uploads\/2025\/04\/18-3-edited.jpg 810w, https:\/\/www.stolun.sk\/wp-content\/uploads\/2025\/04\/18-3-edited-225x300.jpg 225w, https:\/\/www.stolun.sk\/wp-content\/uploads\/2025\/04\/18-3-edited-768x1024.jpg 768w\" sizes=\"(max-width: 810px) 100vw, 810px\" \/><\/figure>\n\n\n\n<div style=\"height:var(--wp--preset--spacing--50)\" aria-hidden=\"true\" class=\"wp-block-spacer\"><\/div>\n\n\n\n<figure class=\"wp-block-image size-large is-style-rounded is-style-rounded--7\"><img loading=\"lazy\" decoding=\"async\" width=\"810\" height=\"1080\" src=\"https:\/\/www.stolun.sk\/wp-content\/uploads\/2025\/04\/34-1-edited.jpg\" alt=\"\" class=\"wp-image-278\" style=\"aspect-ratio:1;object-fit:cover\" srcset=\"https:\/\/www.stolun.sk\/wp-content\/uploads\/2025\/04\/34-1-edited.jpg 810w, https:\/\/www.stolun.sk\/wp-content\/uploads\/2025\/04\/34-1-edited-225x300.jpg 225w, https:\/\/www.stolun.sk\/wp-content\/uploads\/2025\/04\/34-1-edited-768x1024.jpg 768w\" sizes=\"(max-width: 810px) 100vw, 810px\" \/><\/figure>\n<\/div>\n\n\n\n<div class=\"wp-block-column is-layout-flow wp-container-core-column-is-layout-8a368f38 wp-block-column-is-layout-flow\">\n<figure class=\"wp-block-image size-large is-style-rounded is-style-rounded--8\"><img loading=\"lazy\" decoding=\"async\" width=\"724\" height=\"1024\" src=\"https:\/\/www.stolun.sk\/wp-content\/uploads\/2025\/04\/10-6-724x1024.jpg\" alt=\"\" class=\"wp-image-266\" style=\"aspect-ratio:3\/4;object-fit:cover\" srcset=\"https:\/\/www.stolun.sk\/wp-content\/uploads\/2025\/04\/10-6-724x1024.jpg 724w, https:\/\/www.stolun.sk\/wp-content\/uploads\/2025\/04\/10-6-212x300.jpg 212w, https:\/\/www.stolun.sk\/wp-content\/uploads\/2025\/04\/10-6-768x1086.jpg 768w, https:\/\/www.stolun.sk\/wp-content\/uploads\/2025\/04\/10-6-1086x1536.jpg 1086w, https:\/\/www.stolun.sk\/wp-content\/uploads\/2025\/04\/10-6.jpg 1414w\" sizes=\"(max-width: 724px) 100vw, 724px\" \/><\/figure>\n\n\n\n<div style=\"height:var(--wp--preset--spacing--50)\" aria-hidden=\"true\" class=\"wp-block-spacer\"><\/div>\n\n\n\n<figure class=\"wp-block-image size-large is-style-rounded is-style-rounded--9\"><img loading=\"lazy\" decoding=\"async\" width=\"1024\" height=\"1024\" src=\"https:\/\/www.stolun.sk\/wp-content\/uploads\/2025\/04\/49-1-1024x1024.jpg\" alt=\"\" class=\"wp-image-277\" style=\"aspect-ratio:3\/4;object-fit:cover\" srcset=\"https:\/\/www.stolun.sk\/wp-content\/uploads\/2025\/04\/49-1-1024x1024.jpg 1024w, https:\/\/www.stolun.sk\/wp-content\/uploads\/2025\/04\/49-1-300x300.jpg 300w, https:\/\/www.stolun.sk\/wp-content\/uploads\/2025\/04\/49-1-150x150.jpg 150w, https:\/\/www.stolun.sk\/wp-content\/uploads\/2025\/04\/49-1-768x768.jpg 768w, https:\/\/www.stolun.sk\/wp-content\/uploads\/2025\/04\/49-1.jpg 1080w\" sizes=\"(max-width: 1024px) 100vw, 1024px\" \/><\/figure>\n\n\n\n<div style=\"height:var(--wp--preset--spacing--50)\" aria-hidden=\"true\" class=\"wp-block-spacer\"><\/div>\n\n\n\n<figure class=\"wp-block-image size-large is-style-rounded is-style-rounded--10\"><img loading=\"lazy\" decoding=\"async\" width=\"1024\" height=\"1024\" src=\"https:\/\/www.stolun.sk\/wp-content\/uploads\/2025\/04\/50-1024x1024.jpg\" alt=\"\" class=\"wp-image-275\" style=\"aspect-ratio:16\/9;object-fit:cover\" srcset=\"https:\/\/www.stolun.sk\/wp-content\/uploads\/2025\/04\/50-1024x1024.jpg 1024w, https:\/\/www.stolun.sk\/wp-content\/uploads\/2025\/04\/50-300x300.jpg 300w, https:\/\/www.stolun.sk\/wp-content\/uploads\/2025\/04\/50-150x150.jpg 150w, https:\/\/www.stolun.sk\/wp-content\/uploads\/2025\/04\/50-768x768.jpg 768w, https:\/\/www.stolun.sk\/wp-content\/uploads\/2025\/04\/50.jpg 1080w\" sizes=\"(max-width: 1024px) 100vw, 1024px\" \/><\/figure>\n<\/div>\n\n\n\n<div class=\"wp-block-column is-layout-flow wp-container-core-column-is-layout-8a368f38 wp-block-column-is-layout-flow\">\n<div style=\"height:var(--wp--preset--spacing--50)\" aria-hidden=\"true\" class=\"wp-block-spacer\"><\/div>\n\n\n\n<figure class=\"wp-block-image size-large is-style-rounded is-style-rounded--11\"><img loading=\"lazy\" decoding=\"async\" width=\"1024\" height=\"835\" src=\"https:\/\/www.stolun.sk\/wp-content\/uploads\/2025\/04\/13-2-1024x835.jpg\" alt=\"\" class=\"wp-image-267\" style=\"aspect-ratio:1;object-fit:cover\" srcset=\"https:\/\/www.stolun.sk\/wp-content\/uploads\/2025\/04\/13-2-1024x835.jpg 1024w, https:\/\/www.stolun.sk\/wp-content\/uploads\/2025\/04\/13-2-300x245.jpg 300w, https:\/\/www.stolun.sk\/wp-content\/uploads\/2025\/04\/13-2-768x627.jpg 768w, https:\/\/www.stolun.sk\/wp-content\/uploads\/2025\/04\/13-2.jpg 1064w\" sizes=\"(max-width: 1024px) 100vw, 1024px\" \/><\/figure>\n\n\n\n<div style=\"height:var(--wp--preset--spacing--50)\" aria-hidden=\"true\" class=\"wp-block-spacer\"><\/div>\n\n\n\n<figure class=\"wp-block-image size-large is-style-rounded is-style-rounded--12\"><img loading=\"lazy\" decoding=\"async\" width=\"1024\" height=\"1024\" src=\"https:\/\/www.stolun.sk\/wp-content\/uploads\/2025\/04\/22-2-1024x1024.jpg\" alt=\"\" class=\"wp-image-272\" style=\"aspect-ratio:16\/9;object-fit:cover\" srcset=\"https:\/\/www.stolun.sk\/wp-content\/uploads\/2025\/04\/22-2-1024x1024.jpg 1024w, https:\/\/www.stolun.sk\/wp-content\/uploads\/2025\/04\/22-2-300x300.jpg 300w, https:\/\/www.stolun.sk\/wp-content\/uploads\/2025\/04\/22-2-150x150.jpg 150w, https:\/\/www.stolun.sk\/wp-content\/uploads\/2025\/04\/22-2-768x768.jpg 768w, https:\/\/www.stolun.sk\/wp-content\/uploads\/2025\/04\/22-2.jpg 1080w\" sizes=\"(max-width: 1024px) 100vw, 1024px\" \/><\/figure>\n\n\n\n<div style=\"height:var(--wp--preset--spacing--50)\" aria-hidden=\"true\" class=\"wp-block-spacer\"><\/div>\n\n\n\n<figure class=\"wp-block-image size-large is-style-rounded is-style-rounded--13\"><img loading=\"lazy\" decoding=\"async\" width=\"1024\" height=\"1024\" src=\"https:\/\/www.stolun.sk\/wp-content\/uploads\/2025\/04\/61-3-1024x1024.jpg\" alt=\"\" class=\"wp-image-276\" style=\"aspect-ratio:9\/16;object-fit:cover\" srcset=\"https:\/\/www.stolun.sk\/wp-content\/uploads\/2025\/04\/61-3-1024x1024.jpg 1024w, https:\/\/www.stolun.sk\/wp-content\/uploads\/2025\/04\/61-3-300x300.jpg 300w, https:\/\/www.stolun.sk\/wp-content\/uploads\/2025\/04\/61-3-150x150.jpg 150w, https:\/\/www.stolun.sk\/wp-content\/uploads\/2025\/04\/61-3-768x768.jpg 768w, https:\/\/www.stolun.sk\/wp-content\/uploads\/2025\/04\/61-3.jpg 1080w\" sizes=\"(max-width: 1024px) 100vw, 1024px\" \/><\/figure>\n<\/div>\n<\/div>\n<\/div>\n","protected":false},"excerpt":{"rendered":"<p>Srdce domova za\u010d\u00edna pri dobrej kuchyni. Pri v\u00fdrobe kuch\u00fd\u0148 sa zameriavame na v\u00fdrobky, ktor\u00e9 sp\u00e1jaj\u00fa funk\u010dnos\u0165 s estetikou, pri\u010dom vyu\u017e\u00edvame kvalitn\u00e9 pr\u00edrodn\u00e9 materi\u00e1ly, ktor\u00e9 odolaj\u00fa \u010dasu a rokmi z\u00edskavaj\u00fa na kr\u00e1se. Ka\u017ed\u00e1 kuchy\u0148a, ktor\u00fa tvor\u00edme, je jedine\u010dn\u00e1 \u2013 navrhnut\u00e1 tak, aby zodpovedala v\u00e1\u0161mu \u0161t\u00fdlu a \u017eivotn\u00e9mu rytmu, a stala sa priestorom, kde sa budete v\u017edy [&hellip;]<\/p>\n","protected":false},"author":3,"featured_media":0,"parent":463,"menu_order":0,"comment_status":"closed","ping_status":"closed","template":"","meta":{"footnotes":""},"class_list":["post-81","page","type-page","status-publish","hentry"],"_links":{"self":[{"href":"https:\/\/www.stolun.sk\/index.php?rest_route=\/wp\/v2\/pages\/81","targetHints":{"allow":["GET"]}}],"collection":[{"href":"https:\/\/www.stolun.sk\/index.php?rest_route=\/wp\/v2\/pages"}],"about":[{"href":"https:\/\/www.stolun.sk\/index.php?rest_route=\/wp\/v2\/types\/page"}],"author":[{"embeddable":true,"href":"https:\/\/www.stolun.sk\/index.php?rest_route=\/wp\/v2\/users\/3"}],"replies":[{"embeddable":true,"href":"https:\/\/www.stolun.sk\/index.php?rest_route=%2Fwp%2Fv2%2Fcomments&post=81"}],"version-history":[{"count":4,"href":"https:\/\/www.stolun.sk\/index.php?rest_route=\/wp\/v2\/pages\/81\/revisions"}],"predecessor-version":[{"id":480,"href":"https:\/\/www.stolun.sk\/index.php?rest_route=\/wp\/v2\/pages\/81\/revisions\/480"}],"up":[{"embeddable":true,"href":"https:\/\/www.stolun.sk\/index.php?rest_route=\/wp\/v2\/pages\/463"}],"wp:attachment":[{"href":"https:\/\/www.stolun.sk\/index.php?rest_route=%2Fwp%2Fv2%2Fmedia&parent=81"}],"curies":[{"name":"wp","href":"https:\/\/api.w.org\/{rel}","templated":true}]}}